ivided by 13?
7
Calculate the remainder when 8839 is divided by 21.
19
What is the remainder when 2172 is divided by 89?
36
What is the remainder when 1558 is divided by 445?
223
Calculate the remainder when 3245 is divided by 125.
120
Calculate the remainder when 288 is divided by 57.
3
Calculate the remainder when 206 is divided by 26.
24
What is the remainder when 344 is divided by 130?
84
Calculate the remainder when 1169 is divided by 25.
19
Calculate the remainder when 173 is divided by 168.
5
What is the remainder when 881 is divided by 171?
26
What is the remainder when 1018 is divided by 334?
16
What is the remainder when 141 is divided by 13?
11
Calculate the remainder when 8147 is divided by 313.
9
Calculate the remainder when 95 is divided by 28.
11
What is the remainder when 33589 is divided by 68?
65
What is the remainder when 16 is divided by 2?
0
Calculate the remainder when 677 is divided by 220.
17
What is the remainder when 508 is divided by 26?
14
Calculate the remainder when 1030 is divided by 206.
0
What is the remainder when 504 is divided by 154?
42
What is the remainder when 27 is divided by 15?
12
Calculate the remainder when 487 is divided by 474.
13
Calculate the remainder when 23 is divided by 18.
5
What is the remainder when 2651 is divided by 15?
11
Calculate the remainder when 572 is divided by 41.
39
Calculate the remainder when 1032 is divided by 15.
12
Calculate the remainder when 66 is divided by 6.
0
What is the remainder when 558 is divided by 97?
73
Calculate the remainder when 979 is divided by 70.
69
Calculate the remainder when 596 is divided by 66.
2
What is the remainder when 931 is divided by 840?
91
What is the remainder when 2645 is divided by 244?
205
Calculate the remainder when 19493 is divided by 35.
33
Calculate the remainder when 217 is divided by 37.
32
Calculate the remainder when 598 is divided by 58.
18
What is the remainder when 481 is divided by 87?
46
Calculate the remainder when 782 is divided by 16.
14
Calculate the remainder when 135 is divided by 8.
7
What is the remainder when 1080 is divided by 300?
180
Calculate the remainder when 2044 is divided by 23.
20
What is the remainder when 570 is divided by 14?
10
What is the remainder when 419 is divided by 210?
209
Calculate the remainder when 22857 is divided by 36.
33
What is the remainder when 41 is divided by 23?
18
What is the remainder when 28 is divided by 6?
4
What is the remainder when 167 is divided by 6?
5
What is the remainder when 142 is divided by 9?
7
What is the remainder when 16353 is divided by 47?
44
What is the remainder when 6911 is divided by 64?
63
What is the remainder when 6833 is divided by 67?
66
What is the remainder when 340 is divided by 72?
52
What is the remainder when 920 is divided by 52?
36
What is the remainder when 17 is divided by 3?
2
What is the remainder when 483 is divided by 122?
117
Calculate the remainder when 5345 is divided by 6.
5
Calculate the remainder when 1082 is divided by 536.
10
What is the remainder when 5147 is divided by 2571?
5
Calculate the remainder when 132 is divided by 66.
0
Calculate the remainder when 5700 is divided by 1889.
33
Calculate the remainder when 50 is divided by 11.
6
Calculate the remainder when 99 is divided by 39.
21
Calculate the remainder when 23 is divided by 13.
10
What is the remainder when 2920 is divided by 23?
22
Calculate the remainder when 237 is divided by 31.
20
Calculate the remainder when 2351 is divided by 781.
8
What is the remainder when 3060 is divided by 133?
1
What is the remainder when 141 is divided by 13?
11
What is the remainder when 1115 is divided by 193?
150
What is the remainder when 205 is divided by 26?
23
Calculate the remainder when 160 is divided by 28.
20
What is the remainder when 430 is divided by 8?
6
Calculate the remainder when 659 is divided by 60.
59
What is the remainder when 1364 is divided by 424?
92
What is the remainder when 158 is divided by 44?
26
Calculate the remainder when 44 is divided by 15.
14
What is the remainder when 2929 is divided by 40?
9
What is the remainder when 1361 is divided by 300?
161
Calculate the remainder when 42 is divided by 15.
12
Calculate the remainder when 2524 is divided by 1252.
20
Calculate the remainder when 1056 is divided by 23.
21
What is the remainder when 220 is divided by 45?
40
Calculate the remainder when 13355 is divided by 84.
83
Calculate the remainder when 50 is divided by 26.
24
What is the remainder when 414 is divided by 38?
34
What is the remainder when 344 is divided by 116?
112
Calculate the remainder when 3201 is divided by 212.
21
Calculate the remainder when 172 is divided by 51.
19
Calculate the remainder when 806 is divided by 199.
10
Calculate the remainder when 595 is divided by 50.
45
What is the remainder when 2778 is divided by 174?
168
What is the remainder when 607 is divided by 77?
68
Calculate the remainder when 513 is divided by 469.
44
What is the remainder when 1296 is divided by 13?
9
Calculate the remainder when 657 is divided by 343.
314
Calculate the remainder when 524 is divided by 21.
20
What is the remainder when 5444 is divided by 99?
98
Calculate the remainder when 48988 is divided by 355.
353
Calculate the remainder when 15305 is divided by 12.
5
What is the remainder when 68 is divided by 9?
5
Calculate the remainder when 2924 is divided by 77.
75
What is the remainder when 173 is divided by 3?
2
What is the remainder when 155 is divided by 71?
13
Calculate the remainder when 2288 is divided by 14.
6
Calculate the remainder when 356 is divided by 123.
110
What is the remainder when 209 is divided by 54?
47
Calculate the remainder when 59 is divided by 4.
3
What is the remainder when 4629 is divided by 193?
190
Calculate the remainder when 2677 is divided by 19.
17
What is the remainder when 202 is divided by 52?
46
What is the remainder when 139 is divided by 22?
7
What is the remainder when 530 is divided by 35?
5
Calculate the remainder when 879 is divided by 231.
186
What is the remainder when 4652 is divided by 35?
32
Calculate the remainder when 1218 is divided by 94.
90
Calculate the remainder when 2087 is divided by 11.
8
What is the remainder when 142 is divided by 9?
7
Calculate the remainder when 772 is divided by 31.
28
What is the remainder when 2874 is divided by 69?
45
What is the remainder when 4814 is divided by 37?
4
What is the remainder when 175 is divided by 12?
7
What is the remainder when 194 is divided by 70?
54
Calculate the remainder when 1149 is divided by 71.
13
Calculate the remainder when 233 is divided by 9.
8
What is the remainder when 83 is divided by 22?
17
What is the remainder when 4343 is divided by 12?
11
Calculate the remainder when 3 is divided by 3.
0
What is the remainder when 1145 is divided by 567?
11
Calculate the remainder when 12165 is divided by 104.
101
What is the remainder when 888 is divided by 41?
27
Calculate the remainder when 526 is divided by 16.
14
Calculate the remainder when 152 is divided by 7.
5
What is the remainder when 101 is divided by 10?
1
What is the remainder when 7584 is divided by 115?
109
Calculate the remainder when 1893 is divided by 312.
21
What is the remainder when 8942 is divided by 104?
102
Calculate the remainder when 619 is divided by 12.
7
What is the remainder when 908 is divided by 299?
11
Calculate the remainder when 2148 is divided by 23.
9
Calculate the remainder when 662 is divided by 112.
102
What is the remainder when 1112 is divided by 8?
0
Calculate the remainder when 362 is divided by 61.
57
Calculate the remainder when 1545 is divided by 10.
5
What is the remainder when 1064 is divided by 17?
10
What is the remainder when 2605 is divided by 15?
10
What is the remainder when 4980 is divided by 4?
0
What is the remainder when 31853 is divided by 362?
359
What is the remainder when 688 is divided by 35?
23
What is the remainder when 378 is divided by 103?
69
What is the remainder when 1195 is divided by 109?
105
What is the remainder when 170 is divided by 60?
50
Calculate the remainder when 70 is divided by 36.
34
Calculate the remainder when 305 is divided by 11.
8
Calculate the remainder when 4545 is divided by 1132.
17
Calculate t